3 - 9*i**2. Let s = -1 + 2. Let x be s + (2 - 1) - 4. Determine r(x).
2
Let u(y) = -y**2 + 3*y - 2. Let n = 3 + -3. Suppose -2*i = -n*i - 4. Give u(i).
0
Let q(c) = -6*c**3 + 11*c**2 - 10*c + 1. Let h(f) = 7*f**3 - 12*f**2 + 11*f. Let g(n) = -5*h(n) - 6*q(n). Give g(5).
-6
Let t(g) be the third derivative of g**5/60 - g**4/8 - g**3/6 + 3*g**2. Let r(z) be the first derivative of t(z). Give r(-3).
-9
Let u(s) = s**2 - 3*s - 1. Let p be u(4). Let k be 34/10 + 2/(-5). Let d(c) = -2 + k - p*c - 4. What is d(-3)?
6
Suppose 4*a + 10 = 14. Let o(j) = -j**3 + j**2 + j - 1. What is o(a)?
0
Let w(g) = 10*g**2 + 5*g + 5. Let i(x) = 15*x**2 + 8*x + 8. Let b = 6 - 1. Let u(h) = b*i(h) - 8*w(h). Calculate u(-1).
-5
Let w(s) = -2*s - 2. Let v = 49 - 32. Suppose -4*o = -3*o + 5*i + v, -4*o - 2*i - 14 = 0. Let h be -4 - (1 - (o + 3)). What is w(h)?
6
Let g(m) = -m - 3. Let j(h) = -h - 3. Let i(s) = -2*g(s) + 3*j(s). What is i(3)?
-6
Let t(y) be the third derivative of -y**4/12 - y**3/3 - 30*y**2. Calculate t(8).
-18
Suppose -4*d = k - 0*k - 29, 0 = 5*d + 5*k - 25. Suppose d = 3*y - y. Suppose 4 = -y*f - 0*f. Let b(x) = -4*x**3 + 2*x**2 + x. Determine b(f).
5
Let o = -3 - -2. Let r(a) be the third derivative of a**6/120 - a**4/24 + 12*a**2. Let u be r(o). Let s(q) = -q**3 + q**2 + 9. Determine s(u).
9
Let z(v) be the third derivative of -v**5/60 + v**4/4 - 7*v**3/6 - 3*v**2. Calculate z(5).
-2
Let z = 11 - 7. Let v(c) = c**3 + c**2 - 5*c - 4. Let k(g) = g**3 - 5*g - 3. Let o(r) = -4*k(r) + 3*v(r). Calculate o(z).
4
Let z = 24 + -20. Let v(b) be the second derivative of 3*b**2 - 1/20*b**5 - 1/4*b**z + 0 + 7/6*b**3 + 2*b. What is v(-4)?
-6
Let z(y) = 3*y**3 - 20*y**2 - 14*y + 21. Let a(w) = -2*w**3 + 10*w**2 + 7*w - 10. Let i(j) = -5*a(j) - 3*z(j). Determine i(-9).
5
Suppose -3*c + 8 = c. Let h(w) = -3*w + 3 + 5 - c + 4*w. What is h(0)?
6
Let d(v) = -4*v**2 - 10*v - 10. Let j(r) = -5*r**2 - 11*r - 11. Let t be (-3)/(3 - (-20)/(-8)). Let y(f) = t*d(f) + 5*j(f). What is y(5)?
5
Suppose -3*l - j = 13, -8*j + 13 = -4*l - 5*j. Let m(y) = y**2 + 4*y + 6. Calculate m(l).
6
Let q(a) = a - 1. Let s = 0 - -6. Give q(s).
5
Let h = 4 - 3. Let s(p) = -3*p**3 - 3*p**2 + p - 2. Let c(o) = 6*o**3 + 7*o**2 - 2*o + 5. Let j(w) = -2*c(w) - 5*s(w). What is j(h)?
3
Suppose -4*u + 10 = u. Let m(b) = 2*b - 2*b + 1 - b**u. Calculate m(1).
0
Let n(b) be the third derivative of b**6/120 - 7*b**5/60 + b**4/4 + 7*b**3/6 + 16*b**2. Give n(6).
7
Suppose 3*d + 2 = -10. Let w be d/(-22) - 160/(-88). Let x(b) = -2*b**2 + 3*b + 1. Let o(h) = -5*h**2 + 8*h + 2. Let f(c) = 3*o(c) - 8*x(c). What is f(w)?
2
Let u(g) be the second derivative of g**4/12 + 11*g**2/2 + 11*g. What is u(0)?
11
Let b(k) be the third derivative of -k**5/120 + k**4/12 + k**3/3 + 2*k**2. Let i(q) be the first derivative of b(q). Give i(-3).
5
Let u(w) = 5*w + 3. Let v(f) = -2*f + 3. Let k be v(2). Let p be k/2*2*-1. Let c be (-1)/(p + 1)*4. Give u(c).
-7
Let z(w) = -w. Let j(a) = 6*a + 1. Let h(y) = j(y) + 5*z(y). Let n be 21/3*2/6*-3. Calculate h(n).
-6
Let i(y) = 4*y - 6. Let r be i(7). Suppose -4*d + 18 + r = 5*j, -d - 5*j + 25 = 0. Let c(u) = -u**2 + 5*u. Give c(d).
0
Let p(v) = -v**2. Suppose 0*b - b = 1. Determine p(b).
-1
Suppose 5*t + 16 = 9*t. Let i(d) = -3*d**2 + 6*d**2 - 3*d + t*d**3 - 3*d**3. Let y(p) = -p**3 + 2*p**2 + 3*p - 3. Let q be y(3). Give i(q).
9
Let a = -6 - -6. Let c(k) = a*k**2 + 10*k**3 + 2 - 2*k - 4*k**2 + 2*k**2 - 3. Let n = -3 - -2. Determine c(n).
-11
Let x(q) = 38*q**2 - 37*q**2 - 5 - 3 + 5*q. Give x(-6).
-2
Let h(n) be the third derivative of -n**4/24 + 7*n**3/6 - 3*n**2. Calculate h(5).
2
Suppose 8*l = 10*l - 2. Let z(t) = -5*t**3 - t**2 - t + 1. Give z(l).
-6
Let w(o) be the third derivative of o**6/120 + o**5/15 - o**4/12 + o**3/3 + 13*o**2 - 2. Calculate w(-3).
17
Let d(o) = -5 + 0 + 4 + 3*o**2 - o. Let t = 0 - 2. Let f = 0 - t. Determine d(f).
9
Let i(q) = q**2 + 9. Let l be i(0). Let s be (9/6)/(l/(-24)). Let g(c) be the second derivative of c**4/12 + c**3/3 - 3*c**2/2 + c. What is g(s)?
5
Let v(t) be the third derivative of t**4/24 + t**3/6 + t**2. Suppose 4*j - 3*h - 13 = -8*h, 4*j - 9 = -h. Let m be 0/(-1)*1/j. Calculate v(m).
1
Let w(d) = -d**2 + 4*d + 6. Let g(h) be the first derivative of h**3/3 + h**2 - 3*h + 3. Let k be g(-4). Calculate w(k).
1
Let l(o) = o**2. Let u(i) = -i**3 - 5*i**2 + 1. Let w(m) = 2*l(m) + u(m). Determine w(-2).
-3
Let g(o) = 11*o - 7. Let h(i) = -2*i + 10 - 3*i - 7. Suppose -3*m + 5*k = 29, 2*m + 5*k = -m + 11. Let j(y) = m*g(y) - 7*h(y). What is j(-2)?
-4
Suppose -6 = -4*u + 10. Let b(f) = f**3 - 4*f**2 + 4. What is b(u)?
4
Let u(i) be the first derivative of -i**2/2 + 8*i + 1. Calculate u(0).
8
Let f = 7 - 3. Suppose -14 = 4*g - c + 4*c, f*c - 8 = 0. Let s(z) = 9*z**2 + 10*z + 1. Let l(v) = -5*v**2 - 5*v - 1. Let h(a) = 7*l(a) + 4*s(a). Calculate h(g).
-3
Suppose -c + 5*y - 32 = -5*c, 3*c = 5*y + 24. Suppose -2*p - 3*r - 24 = 0, 3*r = r - c. Let b(t) = t**3 + 6*t**2 - 3*t - 9. Give b(p).
9
Let t(z) = -10*z**2 + 6*z**2 + 3*z**2 + 5*z + 4 + 2*z**2. Calculate t(-4).
0
Let t(d) be the third derivative of -d**5/60 + d**4/8 - d**3/6 - 2*d**2. Let u = 4 - -1. Suppose 0 = w + h - 6, -u*w - h = -w - 18. Determine t(w).
-5
Let f(z) = -2*z**2 - 5*z - 4. Let h = 3 - 9. Let n = h - -3. What is f(n)?
-7
Let g(k) be the third derivative of 0*k + 5/24*k**4 + k**2 - 1/3*k**3 + 0 - 1/60*k**5. What is g(4)?
2
Let a(y) = 4*y + 7. Let p(g) = 8 + 11 - 8 + 6*g. Let s(m) = 8*a(m) - 5*p(m). Give s(-2).
-3
Let l(j) be the first derivative of -j**4/4 - j**3 + 3*j - 40. Let x(u) = u**2 + 7*u + 3. Let z be x(-6). Calculate l(z).
3
Let l(q) = 8*q - 7. Let d(p) = 7*p - 6. Let f(x) = -7*d(x) + 6*l(x). Suppose -14 = -5*o - 44. Calculate f(o).
6
Let f(n) = -n + 4. Let i(c) = -c + 6. Let t be i(6). Calculate f(t).
4
Suppose 4*k + 3 + 4 = -3*p, -15 = -5*p. Let f(a) = 3*a + 2. Give f(k).
-10
Let q be 0*((-95)/114)/(10/(-3)). Let t(z) = -2*z - 9. Let k be t(-6). Let f(y) = 2*y**k - 4*y**3 - 6 + y + y**3. Calculate f(q).
-6
Let y(l) = -l**2 - 3*l - 1. Let w = 16 + -18. Give y(w).
1
Suppose 3*g - 9 = 0, n + 4*g - 6 = 4*n. Let r(a) = 3 - 2*a**2 + 4*a**n - 4*a + 6*a - 4*a**2. Let o(q) = -q - 7. Let v be o(-5). What is r(v)?
-9
Let n(x) = 6*x**2 - 2*x + 1. Suppose -4 = -3*g - 1. Give n(g).
5
Let u(a) = a**3 - 6*a**2 + 7*a - 5. Let q be u(5). Suppose -k - 12 = -q*k. Let v(d) = 2*d**2 + 4 + 4 - 3 - k*d**2 + 5*d. Give v(5).
5
Let r(s) = s**2 - 4*s - 2. Let o = 39 - 23. Suppose 2*v - 4*w - 20 = 0, 0*w + 2*w + o = 2*v. Determine r(v).
10
Let i(h) = -2 + 3 - 3 + 15*h + 1. Determine i(1).
14
Let t be (-95)/(-15) + 2/3. Suppose -3*g = -t*g - 8. Let r be (0*g/4)/2. Let p(n) = -n**2 - n + 1. Determine p(r).
1
Let n(l) = -l**3 - 5*l**2 + 4*l + 5. Let o(q) = -3*q + 18. Let d be o(8). Determine n(d).
17
Let u = 43 - 40. Let z(q) = q + 1. Let m(f) = f. Let y(a) = 6*m(a) - 3*z(a). Determine y(u).
6
Let a be (8/(-20))/((-2)/(-110)). Let q = 16 + a. Let c(l) be the first derivative of l**4/4 + 5*l**3/3 - 3*l**2 - 4*l + 3. What is c(q)?
-4
Let d(y) = -y**3 + 3*y**2 + 3*y - 2. Let c = 164 - 160. Calculate d(c).
-6
Let y(z) = 0*z**3 + 1 + 6 + 0*z - z**3 - 4*z + 6*z**2. Calculate y(5).
12
Let a(s) = s**2 - 8*s - 8. Let k be a(9). Let j(m) = -2 + k + 2 - 4*m - 5. Give j(-3).
8
Let x = 5 - 0. Let c be -6*(-3 - (-1 - 1)). Let z(f) = 3*f**2 - 6*f - 1. Let q(n) = n**2 - 2*n. Let m(i) = c*z(i) - 17*q(i). Calculate m(x).
9
Let h be (1*-5)/(1/(-1)). Suppose -2*p = 3*p - h*k + 15, p - 3 = -5*k. Let n(m) = 0*m + 256 + 2*m - 254. Determine n(p).
-2
Let q(m) = m - 3. Let d be (-1)/(-3) + 22/6. Let b be (d/(-6))/((-3)/18). Calculate q(b).
1
Let b(l) = -4*l + 5. Let h(i) = -13*i + 16. Let s(a) = 7*b(a) - 2*h(a). Determine s(4).
-5
Let d(m) = 0*m**3 + 0*m**2 + 0*m**2 - 5*m - 5*m**2 + m**3 - 4. What is d(6)?
2
Let c = -11 - -20. Let f = -14 + c. Let t(u) = -u**2 - 6*u - 7. What is t(f)?
-2
Let i(r) = r**3 + 3*r**2 + 5*r**3 + r - 4*r**2. Suppose t = -m - 0*t, -m + 4 = -t. Suppose -p - m*g = 3, -3*g = -8*g - 10. Give i(p).
6
Let k be 3/(-6) - 2/4. Let o(a) be the second derivative of 7*a**3/6 + a**2/2 - 25*a. Calculate o(k).
-6
Let j(y) be the third derivative of y**4/24 - y**3/6 + y**2. Suppose -4*n + 3*c = 0, 3*n + 8*c - 3*c = 0. 